6
Let f(z) = 7*z**2 + 4*z - 2. Let l be f(-2). What is the highest common factor of 27 and l?
9
Suppose 0*m + m = -5*b + 9, 0 = 4*m - 2*b - 80. What is the greatest common divisor of 152 and m?
19
Suppose -2*l + 4*l = 10. What is the highest common factor of 40 and l?
5
Let d(n) = 5*n + 5. Let i(x) = x**2 - 10*x + 12. Let b be i(9). Let k be d(b). What is the greatest common divisor of 140 and k?
20
Suppose -2*u - 24 = -6*u. Suppose 0 = -u*i + i + 10. Suppose i*n + 12 = 2*s - 6, 0 = -2*n. Calculate the highest common factor of s and 81.
9
Let a(h) = h**3 + 6*h**2 - 2. Let s be a(-4). Calculate the highest common divisor of s and 12.
6
Let b = -3 - -5. Let i(l) = l**3 - 3*l**2 + l - 4. Let a be i(4). Calculate the greatest common divisor of b and a.
2
Suppose -60 = -4*c + 2*p, -51 - 24 = -5*c + 4*p. Let t(s) = 3*s - 8. Let q be t(6). Calculate the greatest common factor of q and c.
5
Let s = 48 - 36. Suppose 3*k - 5*k - 28 = -5*r, 25 = 5*r - 5*k. What is the highest common divisor of r and s?
6
Suppose 0 = -4*j - 12 + 28. Let k(c) = c - 1. Let q be k(j). Suppose -6*f = -4*f - 48. Calculate the greatest common divisor of q and f.
3
Suppose 0 = -3*g - 13 + 4. Let o be 1 + g + 2 + 13. Let u = 27 - o. What is the highest common factor of u and 98?
14
Let c = -21 + 25. Calculate the greatest common factor of 40 and c.
4
Suppose 2*g + 0 - 12 = 0. Let y be (3 + -13)/((-2)/g). Calculate the greatest common divisor of 12 and y.
6
Let z = 43 + -29. Calculate the highest common divisor of z and 2.
2
Suppose 0 = -u + 2*u - 11. Let d be 0*4/(-12) + 77. What is the highest common factor of d and u?
11
Suppose 0 = 4*f - 2*f - 50. Suppose 5*m - f = -0*m. Suppose 4*s + 24 = 7*p - 2*p, 4*p = -m*s + 52. Calculate the greatest common divisor of p and 88.
8
Let t(s) = -2*s**3 - s**2 + 3*s + 2. Let a be t(-2). What is the greatest common divisor of a and 72?
8
Let j(f) = 2*f + 1 + f**2 + f**3 - 7*f + 0*f**2 - 6*f**2. Let w be j(6). What is the highest common divisor of w and 42?
7
Let o(c) = c**2 - 2*c + 2. Let y(f) = -f**3 + 6*f**2 - 5. Let p be y(6). Let g be o(p). Suppose g = 3*b - 17. What is the highest common factor of b and 144?
18
Let m = 90 - 13. Calculate the greatest common factor of 11 and m.
11
Let p be (-1)/4 + (-137)/(-4). What is the highest common divisor of p and 17?
17
Suppose 8*z + 5*o - 410 = 3*z, 2*z = o + 158. What is the greatest common divisor of 20 and z?
20
Suppose 0 = -2*v + 2*r + 42, -5*r - 36 = 4*v - 93. Calculate the greatest common divisor of 9 and v.
9
Suppose 3*n + 10 + 8 = 0. Let x = n - -15. Suppose x*k - 6*k - 15 = 0. Calculate the highest common factor of 25 and k.
5
Suppose -c + 0*c = 0. Let g = -1 + 4. Suppose -g*s + m + 45 = c, -s = m - 4*m - 7. Calculate the greatest common divisor of 24 and s.
8
Suppose 0 = -n - 21 + 51. Let g = -133 - -88. Let b be (g/(-12))/(1/4). Calculate the greatest common divisor of b and n.
15
Suppose -3*l = v + 2 - 0, v - 5*l - 14 = 0. Let f be (3/6 + 0)*6. Suppose i - 23 = w, 54 = f*i + w + w. Calculate the highest common divisor of v and i.
4
Let k be (-7)/(-28) + 899/4. What is the greatest common factor of k and 25?
25
Suppose 8*g - 65 = 3*g. What is the highest common factor of g and 117?
13
Let a(x) = 61*x - 1. Let u be a(1). Calculate the highest common divisor of u and 15.
15
Let d be (12 - -132) + 1/1. Calculate the highest common divisor of d and 29.
29
Let n = 197 + 384. Let a be n/4 - 1/4. Suppose -2*s + 4*s - a = -5*x, -3*x - 67 = -s. What is the highest common factor of 28 and s?
14
Let l = -87 + 114. What is the highest common factor of l and 45?
9
Suppose 8 = -9*t + 188. What is the highest common divisor of 12 and t?
4
Let r = -24 + 12. Let v be (71/(-2))/(6/r). Let j = v - 51. Calculate the highest common divisor of 30 and j.
10
Let s(l) = 3*l**2 + 12*l + 5. Let u be s(-8). Let t = u + -1. What is the highest common divisor of 40 and t?
20
Let s(k) = k**3 - k + 4. Let u be s(0). Suppose 4*n + r - 97 = 0, -u*n + 74 + 21 = -r. Calculate the greatest common factor of n and 24.
24
Let x be 2 - (-1 - 0/(-1)). Suppose -2*z - 48 = -4*j, 2*z = -x*j + 17 + 19. Calculate the greatest common divisor of 6 and j.
6
Suppose 5*n - 5*a - 765 = -0*a, 4*n - 2*a - 606 = 0. Suppose -4*g + n = -g. Calculate the greatest common factor of 5 and g.
5
Suppose 0 = -4*v + 187 + 53. Calculate the greatest common divisor of v and 15.
15
Let n(b) = b**2 + b - 8. Let h be n(7). Let s(i) = -3*i - 3. Let v be s(-3). Calculate the greatest common factor of h and v.
6
Let y be (17 + 1)/((-3)/(-2)). Let b be (-92)/y - 2/(-3). Let v = 9 - b. What is the highest common factor of v and 16?
16
Let m(c) = -c**2 - 6*c - 6. Let d(x) = -x**2 - 7*x - 6. Let n(b) = 3*d(b) - 2*m(b). Let i be n(-8). Calculate the highest common factor of i and 18.
2
Suppose 2*k - 3*k = -4*j - 24, 0 = -2*k + j + 13. Let n = -5 - -14. Suppose -3 = -a + k*z + n, -2*a + 24 = -5*z. What is the greatest common factor of a and 60?
12
Suppose 4*d - 10 = -5*w, 1 = -3*d + 4*d + 2*w. Calculate the highest common factor of 2 and d.
1
Let h be (-1)/(2/3 + -1). Suppose 3*j + 16 = -2*s, s = 2*s - h*j - 1. Let y(o) = o + 7. Let p be y(s). What is the greatest common factor of 8 and p?
2
Let z(w) = -6*w + w + 4*w**2 + 6 - 4*w**2 + w**2. Let c be z(6). Calculate the greatest common factor of c and 132.
12
Let q be 1209/15 - 6/10. Let c = 1 - -4. Let x be ((-4)/c)/((-3)/120). What is the highest common divisor of q and x?
16
Let q = 22 - 16. Suppose r - q*r + 45 = 0. Let k(m) = m**2 - 3*m - 1. Let z be k(7). Calculate the highest common divisor of z and r.
9
Let v = -6 + 26. What is the greatest common factor of v and 220?
20
Let x(m) = m**2 - 10*m + 24. Let i be x(10). What is the highest common factor of 192 and i?
24
Suppose -125 = -4*y + 35. What is the highest common divisor of 8 and y?
8
Let z(q) = 5*q - 30. Let o be z(7). Let i = -98 - -143. Calculate the highest common factor of i and o.
5
Suppose -7*a + 192 = -60. What is the highest common divisor of 9 and a?
9
Let b = 20 + -10. Let t be (2/6)/(3/18). Let w be (t + 3)*24/b. Calculate the greatest common divisor of 96 and w.
12
Let m(s) = -51*s**3 - s - 1. Let d be m(-1). Let h = 1 + d. What is the greatest common factor of 78 and h?
26
Let f(s) = 7 + s - 6*s + s**2 - 1. Let d be f(8). Let a = -24 - -44. Calculate the greatest common factor of d and a.
10
Suppose 0 = -h + 3 - 2. Let b be h + (-3)/3 - -22. Calculate the highest common divisor of 33 and b.
11
Let i = 81 + -55. Suppose 4*g - 110 = -3*o, -33 = -2*g + 4*o + 11. Calculate the greatest common factor of g and i.
26
Suppose -91 = -2*u - 2*d + d, 3 = 3*d. What is the greatest common factor of u and 9?
9
Suppose -5*w + 114 = -96. What is the greatest common divisor of 6 and w?
6
Let d = 169 + -69. What is the highest common factor of 25 and d?
25
Let f(r) = r**3 + 6*r**2 + r + 7. Let a be 46/(-8) - (-1)/(-4). Let g be f(a). Let q = -25 - -27. Calculate the greatest common factor of q and g.
1
Let v(q) = q**3 - 6*q**2 - 8*q + 10. Let g be v(7). Suppose 5*d - 37 = -g*r + 7*r, 0 = -5*d - r + 22. What is the highest common divisor of 5 and d?
5
Suppose 0*i - 7*i + 924 = 0. What is the greatest common factor of i and 22?
22
Let s be 10 + -6 + -1 + 32. What is the highest common divisor of s and 5?
5
Let k(d) = 4*d - 4. Let g be k(4). Suppose -5*l = -l - g. Suppose -q + 20 = l*q. What is the highest common factor of q and 55?
5
Suppose -5*d = -4*s + 10, -5*d - 4 = -3*d - s. Let q = d - -5. Suppose 13 = -z - q*z - 5*i, -3*z - 3*i - 6 = 0. What is the highest common divisor of z and 15?
3
Let g be 2/(-6) - 1518/(-18). Suppose -p + 6 = 3. Suppose 39 = 3*w + p. What is the highest common factor of w and g?
12
Let v(z) = -36*z - 1 - 2 + z. Let u be v(6). Let p = -143 - u. What is the greatest common factor of 10 and p?
10
Suppose -m + 2*m = 4*u - 43, -2*m + 34 = 2*u. Suppose 2*s - 185 + 9 = 0. Let j = s - 52. Calculate the highest common divisor of u and j.
12
Suppose -3*y + 22 - 215 = -4*z, 0 = 2*z - 4*y - 104. Calculate the greatest common factor of z and 92.
46
Suppose 4*k + k - 30 = 3*d, 0 = 2*k + d - 1. Suppose 5*t - k*y = 385, -y = 5*t - 353 - 32. What is the greatest common factor of t and 11?
11
Suppose 4*b = 206 - 62. What is the greatest common